+ 5 + 5 + -10
3
(-6 - -13) + -3 - 2 - 4
-2
Calculate 3 - (-1 - (-1 + -1 - 0)).
2
What is 1 - (-1 - -9) - (-4 - -3)?
-6
0 + -5 + (0 - (19 - 26))
2
What is the value of -3 - (6 - (-2 + 7 + 10))?
6
Calculate -1 - 1 - (5 + -2 + -6).
1
Calculate 1 + 18 + 7 + -18.
8
Calculate 0 - (5 + 0 + -1).
-4
What is the value of 0 + -4 + 1 - -1?
-2
Evaluate -8 + (1 - -4) + 10.
7
2 + 0 + (19 - 21)
0
What is the value of (7 - (1 - -5)) + -5 - -11?
7
1 - (1 - 1) - (-4 - -2)
3
What is 7 + 3 + -4 + -6?
0
What is -3 + -5 - (-5 - -5)?
-8
Calculate -4 + (13 - (-7 + 6)) + -2.
8
Evaluate 3 + (-3 - (-3 + -2 - -2)).
3
Calculate 0 + -1 - (-1 + -1).
1
(-3 - 1 - -4) + 0
0
Calculate 15 - 19 - (0 + 0).
-4
(2 - -6) + 4 + -12
0
(0 - (0 + 2 - 5)) + 2
5
What is the value of -3 + (3 + -1 + 2 - -2)?
3
Evaluate 0 - 1 - ((2 - 8) + 9).
-4
Evaluate 37 + -28 - (-3 - -9).
3
Evaluate -19 + 15 - ((-2 - -1) + -1).
-2
What is the value of -8 + (-3 - -7) + 9?
5
What is the value of (1 - 6) + 12 + (-6 - -1)?
2
What is the value of 18 + -5 + -7 - 2?
4
Evaluate 3 + -3 + 4 + 3 + -7.
0
(0 - -16) + (-18 - -11)
9
Calculate 1 + (2 - 9) + 3 + -1.
-4
Calculate -28 + 26 - (-2 - -4).
-4
What is (8 + (-2 - 1) - 0) + -2?
3
What is the value of -7 - 2 - (0 + -4)?
-5
What is (-3 - -6) + 0 - (6 + -1)?
-2
What is the value of (2 - (7 - 2)) + -29 + 35?
3
What is the value of 22 - 26 - (2 - 0 - -1)?
-7
What is the value of -9 + 2 + (-1 - -12)?
4
9 + -4 + (11 - 18)
-2
What is -1 + -9 + 7 + 10?
7
Evaluate 30 + -27 - (-6 + -1 + 4).
6
-9 + (4 - ((3 - 6) + 5))
-7
What is -5 + (5 - 9 - -7)?
-2
-1 + 1 - (3 - 8)
5
Calculate -1 + 1 + -5 + 1.
-4
Evaluate 0 + (4 - (2 + 5)) - -1.
-2
What is the value of (7 - -2) + -2 - 7?
0
What is 11 + 4 + -8 + -6?
1
What is -48 - -40 - (-9 + -1)?
2
Calculate -5 + -2 + 0 + (121 - 109).
5
What is 0 - ((-7 + 3 - -1) + 1)?
2
Evaluate 17 + (-19 - (-16 + 6)).
8
(-2 - -3) + -2 - (1 + -4)
2
Evaluate (0 - 2) + 8 + -7 + 4.
3
Evaluate (3 - -1) + (18 - (23 - -1)).
-2
Evaluate 8 - 1 - (31 - 27).
3
Calculate -1 + -1 + (-11 - -13) - -5.
5
Calculate (-3 + 0 - -8) + 5.
10
What is 2 + -4 - ((2 - 3) + 3)?
-4
What is -1 + 4 + (-4 - -2) + -2?
-1
What is (-11 + -7 - -9) + (1 - 1)?
-9
Evaluate (-7 - -9) + 3 + -3.
2
What is the value of (-4 - 0) + 6 - (-8 - -14)?
-4
Evaluate 1 - (-2 - (-6 + 6 + 0)).
3
What is the value of 3 + (-6 + -1 - -8)?
4
What is 5 + 1 + (2 - (5 + 3))?
0
Evaluate 2 + -2 + (1 - -2).
3
What is -3 + 15 + -5 + -4?
3
(16 - 8) + (0 - 4)
4
Evaluate -10 - (-1 + 3 + 2) - -7.
-7
What is -3 + -1 + (10 - 5) + 0?
1
Calculate -4 - (-3 - -8) - (11 + -12).
-8
4 + (-9 - (-5 - -2)) + -4
-6
Calculate -7 - (-4 + 5 + -7).
-1
Calculate -1 + 1 + -6 - (50 + -51).
-5
What is the value of (-10 + 10 - 3) + -3 + 1?
-5
Calculate -25 + (-4 - -16) + 4.
-9
Calculate 2 + 3 + -4 - 8.
-7
What is the value of (2 - 2) + -1 + 9?
8
What is the value of 1 + -1 - (-14 + (5 - -3))?
6
-2 + (0 - (6 - 13))
5
-4 + (0 - 0) + -9 + 8
-5
(1 + 7 - 21) + 6
-7
Evaluate -1 + (0 - 4) + 11.
6
Calculate (6 - (-5 - -2 - -5)) + -5.
-1
What is -3 + (7 - (6 - 5))?
3
What is -5 - (-4 + (3 - (-5 + 5)))?
-4
Calculate (-1 - 4) + -1 - -6 - -4.
4
Evaluate 0 + (-8 + (5 - 1) - -7).
3
Calculate (3 - 6 - -2 - 4) + 0.
-5
Evaluate 2 + 1 + -1 - (3 + -4).
3
What is the value of -69 + 67 + -8 + 2?
-8
(-2 - 0) + (4 - 0) + -2
0
Calculate (-6 - (2 - 5)) + -1.
-4
Evaluate 1 + (5 - 18 - -8).
-4
Calculate 5 + 9 + -11 + -8.
-5
Calculate (-4 - -3 - 3) + 9 + -1.
4
Calculate (3 - -2) + -5 - -5.
5
What is 8 - (10 - 5) - 1 - 3?
-1
What is 5 - -5 - -5 - 9?
6
What is 9 - (1 + 4) - 2?
2
What is 6 + (-4 + 1 - (-19 + 16))?
6
What is (12 - 1) + -9 + 2 + 1?
5
What is 7 + -6 - (3 + 2)?
-4
Calculate -8 + 6 + -8 + 15.
5
Calculate -1 + (-4 - 7) - -9.
-3
What is the value of 0 + -3 + (5 - 0 - 3)?
-1
-1 - (-22 + 11 + 8)
2
-5 - -2 - (-3 + 5)
-5
(-41 - -45) + -1 + -4
-1
Calculate -9 + 3 + 5 + -4.
-5
Calculate -1 + -5 - ((-9 - -17) + -10).
-4
Evaluate (3 - -4) + 0 + 2 + -1.
8
Calculate 7 - (1 + 4) - 3.
-1
Calculate 3 - (8 + 4 + -7 - 1).
-1
2 + 1 + (0 + 1 - 8)
-4
15 + -3 + (0 - (15 + -8))
5
Evaluate 4 - ((26 - 24) + 0 + 0).
2
What is 1 + (2 - 4 - 3)?
-4
Evaluate (-5 - -1) + -12 + 11.
-5
Evaluate (-8 - -7) + 0 - (-1 + 2).
-2
Evaluate -2 - -5 - (0 - -2).
1
Calculate -1 + (2 + -3 - 2).
-4
What is -5 + (32 - 38 - (0 - 3))?
-8
Calculate 8 - (7 - (0 - 2)).
-1
What is the value of 5 + -1 + 3 - (14 - 9)?
2
Evaluate 0 + 8 + (0 - (3 + 1)).
4
Evaluate (-6 - -2) + 5 + -2.
-1
-4 - (1 - 1) - 1
-5
Evaluate 3 - -6 - -9 - 9.
9
Evaluate 0 + -5 + 1 - (-7 + 2).
1
What is 0 - ((-8 - -11) + (0 - 1))?
-2
Calculate (-4 - -3) + 2 + -3 - -6.
4
Evaluate -4 - (1 + -8) - 4.
-1
What is 2 + (-6 + (8 - -3) - -1)?
8
Calculate -1 + 2 - (7 + -4).
-2
What is the value of -2 + 2 + (-6 - -3)?
-3
Evaluate (4 - 2) + -1 - -2.
3
What is 1 + (-3 + -3 - -12) + 0?
7
Evaluate -6 + -4 + (2 - 0 - -7).
-1
Evaluate 1 - ((-1 - -3) + 0 - 3).
2
Calculate (-2 - (3 + (-7 - -4))) + 6.
4
72 + -69 + -3 + 1
1
-7 + 5 + (-6 - -1) + 2
-5
What is -4 + -5 + 15 + -4?
2
Evaluate 1 - ((-3 - -1) + -2).
5
What is the value of 6 - 6 - (-2 - 1)?
3
Calculate 1 + (6 - (-4 - -3 - -5)).
3
What is -16 - -20 - (1 - (-6 - -2))?
-1
What is the value of -2 + (-1 - 0) + 2 + 1?
0
What is the value of (13 - (-10 - -25)) + (6 - 1)?
3
Calculate (-5 - 1) + 0 - (-26 + 13).
7
Calculate -2 + 3 + -55 + 48.
-6
(-8 - -4 - (3 - 6)) + 3
2
(-2 - 0 - 0) + -1 + 2
-1
Calculate (4 - -1) + (4 - (9 + -5)).
5
Evaluate -2 + 1 + 0 + 27 + -21.
5
22 + -23 - (4 - 0)
-5
Calculate (2 - 4 - -1) + 3.
2
What is the value of 0 + -3 + 9 - 8?
-2
Calculate 4 - (24 - 8) - -2.
-10
Calculate 8 + (-5 - -10) + -4 + -4.
5
Evaluate (-1 - 2) + 5 + -3.
-1
What is the value of 0 + 0 + (3 - 5) + 0?
-2
What is 5 - (6 + (3 - 6))?
2
What is 0 + -3 + 3 - (-4 - -9)?
-5
What is the value of 5 + (-8 - (-1 - (-5 - 2)))?
-9
Calculate -3 + 5 + 4 + -4 + 1.
3
What is the value of 9 - 1 - (19 + -17)?
6
Evaluate -2 - (-2 - -5) - 1.
-6
What is the value of -13 - ((4 - 8) + -2)?
-7
Evaluate 2 + (4 - (-4 + 2 + 1)).
7
Calculate 5 - (3 - 6 - -2 - -3).
3
Evaluate -5 + (13 - 0) + -9.
-1
2 + ((-2 - -1) + 5 - 10)
-4
Calculate -2 + (1 - -2) + -3 + 6.
4
-6 + 8 + 5 + (-4 - 0)
3
What is -3 - 13 - (-1 - 10)?
-5
What is the value of -2 - (5 + -11 - -1)?
3
0 + (0 - 1) + 76 + -72
3
(-5 - (-10 - -5)) + 1
1
Evaluate (10 - 5 - 9) + 4.
0
What is (5 - 6) + 2 - (4 - 2)?
-1
Evaluate 3 + -6 - (-1 - 0).
-2
Evaluate (-8 - -1) + 8 + 3.
4
Calculate -8 - -2 - (-2 + -1) - -4.
1
Calculate -143 + 147 + (1 - 10).
-5
What is -5 + 6 + -1 + -5?
-5
What is (-1 - 3) + 3 - (-5 - -4)?
0
What is the value of -6 + 0 + (-3 - (2 + -8))?
-3
Calculate (-3 - (-1 + -3)) + (0 - 4).
-3
What is the value of (10 - 0) + -4 + -3?
3
(11 - 3) + (-4 - 0)
4
Calculate -36 - -37 - (8 + 2).
-9
What is the value of 8 + -9 + -1 + -1?
-3
8 + (3 - 3) - 6
2
-3 + -2 + 5 + -5
-5
What is 3 - 0 - (10 - 10)?
3
What is 0 + 4 + -3 + 6 + -2?
5
Calculate -2 - 6 - (-2 + -1).
-5
Calculate 13 - (13 - (0 - -2)).
2
2 - (1 - -3) - (10 + -8)
-4
-1 - 6 - (17 - (20 + -2))
-6
What is the value of (-5 + 6 - -3) + -4?
0
What is (-5 - 0) + -4 + (-1 - -10)?
0
Evaluate 0 + -5 - (7 - 11).
-1
Calculate (2 - -4) + -7 + -5 + 3.
-3
Calculate 26 + -34 + 0 + 7 + -2.
-3
Calculate 4 - 0 - (16 - 8).
-4
Calculate 3 + (4 + 3 + -2 - 6).
2
Evaluate 18 + (10 - 20) - 8.
0
What is the value of -7 - (0 + 2 + -5)?
-4
Calculate (21 - 12) + 3 + -18.
-6
Evaluate (0 + 4 - 2) + (11 - 18).
-5
Evaluate -2 + (1 - (5 + -3) - -1).
-2
What is the value of -5 + (5 - -1) + -5?
-4
What is 1 - (7 + 6 + -10)?
-2
What is the value of 10 + -3 + -9 - (1 - 3)?
0
34 + -25 + (1 - 18)
-8
What is the value of 0 + -4 + 48 + -44?
0
Evaluate (-1 - (-2 - -4)) + -1 + 9.
5
What is the value of -2 - (0 + 1 + (-4 - -5))?
-4
(-6 - -6 - 7) + 13
6
Evaluate 4 - (-5 + 10 + 4).
-5
Evaluate (-66 - -69) + -7 + 2.
-2
Calculate -2 + 1 - (4 + (-4 - -1)).
-2
What is -10 + -3 + 10 + -5 + 3?
-5
-8 - -1 - (-1 + 2) - -15
7
What is 4 - (1 + -3 + 3) - 0?
3
What is (10 - 3) + -9 - -8?
6
Calculate -3 - (-5 - -1) - -5 - 6.
0
Evaluate -4 - (-4 - 0) - 0 - 2.
-2
Evaluate (2 - 2) + (7 - 12).
-5
Evaluate (2 - 0) + -6 + (-2 - -4).
-2
Calculate -3 + (-1 - -6 - (0 - 6)).
8
Calculate -3 + 9 + -6 - 2.
-2
Calculate -3 + 1 + (-5 - -12).
5
Calculate 5 + 3 - (14 - (17 - 8)).
3
Evaluate 5 - (24 + -8 - 4